the highest common divisor of 33152 and 42?
14
What is the greatest common divisor of 282 and 88854?
6
What is the highest common factor of 960 and 978?
6
What is the highest common divisor of 580 and 9396?
116
What is the highest common factor of 100 and 15592?
4
Calculate the highest common factor of 96246 and 81.
9
Calculate the highest common divisor of 147154 and 17366.
914
What is the highest common divisor of 1966 and 758?
2
Calculate the greatest common divisor of 52 and 51831.
13
What is the highest common divisor of 12386 and 6?
2
What is the greatest common factor of 71214 and 332?
166
Calculate the greatest common factor of 162 and 114129.
81
Calculate the greatest common factor of 1134 and 16527.
21
Calculate the greatest common divisor of 88 and 22544.
8
Calculate the greatest common factor of 5286152 and 16.
8
What is the highest common factor of 3653747 and 151?
151
What is the greatest common divisor of 942 and 201?
3
What is the highest common factor of 109084 and 108?
4
Calculate the highest common factor of 36428 and 1904.
28
Calculate the greatest common factor of 47520 and 544.
32
What is the greatest common factor of 3542142 and 6?
6
Calculate the highest common factor of 16 and 248548.
4
What is the highest common divisor of 849 and 24?
3
Calculate the highest common factor of 58776 and 93.
93
What is the greatest common factor of 581144 and 24?
8
What is the greatest common factor of 25500 and 1734?
102
What is the greatest common divisor of 36906 and 96?
6
Calculate the highest common divisor of 4750 and 152.
38
What is the greatest common factor of 1918 and 2466?
274
Calculate the highest common factor of 485 and 34144.
97
Calculate the highest common factor of 430 and 6665.
215
Calculate the greatest common factor of 351 and 96291.
117
What is the highest common factor of 107611 and 21?
7
What is the greatest common factor of 4226239 and 164?
41
Calculate the highest common factor of 231 and 50435.
77
Calculate the highest common factor of 132 and 32571.
33
What is the greatest common divisor of 1078 and 23254?
154
What is the highest common factor of 1080 and 1110?
30
Calculate the greatest common divisor of 10110 and 277014.
2022
Calculate the greatest common divisor of 1510 and 151906.
302
Calculate the highest common divisor of 114 and 1096.
2
What is the highest common factor of 281343 and 4584?
573
Calculate the greatest common divisor of 18128 and 41921.
1133
Calculate the highest common factor of 4 and 5042.
2
What is the highest common divisor of 341 and 6050?
11
What is the greatest common factor of 808 and 31815?
101
What is the greatest common divisor of 185 and 305842?
37
What is the highest common divisor of 832847 and 187?
17
Calculate the greatest common factor of 262626 and 37.
37
Calculate the greatest common divisor of 220 and 23260.
20
What is the greatest common factor of 216 and 89046?
54
Calculate the greatest common divisor of 14 and 6005930.
14
What is the greatest common divisor of 1434 and 204823?
239
What is the greatest common divisor of 78126 and 2958?
174
What is the greatest common factor of 4258647 and 249?
249
What is the highest common divisor of 24 and 2986374?
6
What is the highest common factor of 1320087 and 1179?
393
Calculate the greatest common factor of 250 and 1780250.
250
What is the greatest common divisor of 30710 and 610?
10
Calculate the highest common divisor of 475371 and 612.
153
What is the highest common factor of 99341 and 539?
11
What is the greatest common factor of 1547 and 448392?
119
Calculate the highest common factor of 50 and 2370475.
25
Calculate the greatest common divisor of 8126 and 612.
34
Calculate the highest common factor of 57 and 3819.
57
Calculate the greatest common factor of 100085 and 1665.
185
Calculate the greatest common factor of 7 and 148883.
7
What is the greatest common divisor of 390266 and 498?
166
Calculate the greatest common factor of 341 and 10428.
11
Calculate the greatest common divisor of 10013 and 166098.
589
Calculate the greatest common divisor of 121 and 4400165.
121
Calculate the greatest common factor of 900 and 3042.
18
What is the greatest common factor of 111482 and 32?
2
Calculate the highest common divisor of 903 and 3731.
7
What is the greatest common factor of 2112 and 2024?
88
Calculate the highest common divisor of 420 and 779028.
12
What is the highest common factor of 149209 and 64583?
2227
What is the greatest common factor of 638 and 107126?
58
Calculate the greatest common factor of 435 and 45660.
15
What is the highest common divisor of 12993 and 28684?
71
What is the highest common factor of 222 and 15244?
74
What is the highest common divisor of 18 and 352896?
6
What is the highest common factor of 462 and 49182?
42
What is the greatest common factor of 65272 and 328?
328
Calculate the greatest common factor of 26019 and 882.
441
What is the highest common divisor of 2 and 40684?
2
What is the highest common divisor of 2799 and 1707?
3
Calculate the greatest common divisor of 119 and 242116.
7
What is the greatest common factor of 1 and 4663?
1
What is the highest common divisor of 1276975 and 21?
7
Calculate the highest common divisor of 648 and 196920.
72
What is the greatest common factor of 45 and 70515?
45
Calculate the greatest common divisor of 12 and 2035992.
12
Calculate the greatest common factor of 168 and 329496.
24
What is the highest common divisor of 1192 and 29204?
596
Calculate the highest common factor of 648 and 3448.
8
What is the highest common divisor of 140136 and 24?
24
Calculate the highest common divisor of 356040 and 3450.
690
What is the greatest common factor of 652 and 80?
4
What is the highest common factor of 969 and 2679?
57
What is the highest common divisor of 62 and 59?
1
What is the highest common divisor of 39 and 572637?
39
Calculate the greatest common factor of 103295 and 566.
283
Calculate the highest common divisor of 18648 and 1296.
72
What is the highest common divisor of 15795 and 2595?
15
Calculate the greatest common factor of 697 and 32759.
697
What is the greatest common divisor of 36 and 60930?
18
Calculate the greatest common divisor of 231 and 85536.
33
What is the greatest common factor of 700 and 16604?
28
Calculate the highest common factor of 3879 and 1449.
9
Calculate the greatest common divisor of 5957 and 148.
37
What is the highest common factor of 24360 and 29290?
290
Calculate the highest common divisor of 36 and 29196.
36
What is the highest common factor of 642285 and 315?
315
Calculate the greatest common divisor of 6692 and 1393.
7
Calculate the greatest common factor of 9765434 and 7.
7
What is the highest common factor of 3621 and 54244?
71
Calculate the greatest common factor of 23749 and 254.
127
What is the greatest common factor of 354 and 1065540?
354
What is the greatest common divisor of 960 and 52100?
20
Calculate the greatest common factor of 23085 and 36.
9
What is the highest common factor of 7857 and 279?
9
What is the greatest common divisor of 15 and 671985?
15
What is the greatest common divisor of 1755 and 113265?
135
What is the greatest common divisor of 135 and 20115?
135
What is the greatest common factor of 84 and 83391?
21
Calculate the greatest common factor of 1911 and 4018.
49
What is the highest common factor of 170 and 7290?
10
Calculate the greatest common divisor of 12420 and 7908.
12
What is the greatest common factor of 6639210 and 60?
30
Calculate the highest common divisor of 188574 and 106.
106
What is the highest common factor of 42 and 250005?
21
What is the highest common divisor of 460997 and 3249?
361
What is the highest common divisor of 37848 and 95?
19
What is the greatest common divisor of 15 and 83469?
3
What is the highest common divisor of 7475 and 50700?
325
Calculate the highest common divisor of 75614 and 4.
2
Calculate the highest common divisor of 1591 and 215.
43
Calculate the highest common divisor of 15 and 118440.
15
Calculate the greatest common factor of 4890 and 31410.
30
What is the greatest common factor of 38931 and 3?
3
What is the greatest common factor of 1248 and 186?
6
What is the highest common divisor of 32 and 2404104?
8
Calculate the greatest common divisor of 